en thousands digit of 245032?
4
What is the units digit of 10122913?
3
What is the hundred thousands digit of 416443?
4
What is the tens digit of 581553?
5
What is the ten thousands digit of 276816?
7
What is the thousands digit of 12098968?
8
What is the ten thousands digit of 23527129?
2
What is the hundred thousands digit of 1679041?
6
What is the hundred thousands digit of 6803516?
8
What is the units digit of 431065?
5
What is the tens digit of 435351?
5
What is the thousands digit of 5832167?
2
What is the ten millions digit of 27655638?
2
What is the tens digit of 1001225?
2
What is the tens digit of 4621736?
3
What is the ten thousands digit of 203780?
0
What is the ten thousands digit of 532486?
3
What is the hundreds digit of 1257748?
7
What is the thousands digit of 2900569?
0
What is the thousands digit of 482845?
2
What is the millions digit of 1260151?
1
What is the units digit of 10634230?
0
What is the hundreds digit of 285329?
3
What is the ten thousands digit of 419643?
1
What is the units digit of 19741?
1
What is the units digit of 388873?
3
What is the millions digit of 7476321?
7
What is the millions digit of 5933985?
5
What is the tens digit of 439797?
9
What is the thousands digit of 838006?
8
What is the thousands digit of 506106?
6
What is the thousands digit of 643318?
3
What is the hundreds digit of 537838?
8
What is the hundreds digit of 918761?
7
What is the ten thousands digit of 13782934?
8
What is the thousands digit of 4966094?
6
What is the tens digit of 3283225?
2
What is the hundreds digit of 38084?
0
What is the ten thousands digit of 377157?
7
What is the thousands digit of 206212?
6
What is the hundreds digit of 302811?
8
What is the thousands digit of 1261047?
1
What is the tens digit of 7780210?
1
What is the ten thousands digit of 2805260?
0
What is the hundred thousands digit of 5426082?
4
What is the ten thousands digit of 2416654?
1
What is the units digit of 41841?
1
What is the hundreds digit of 374946?
9
What is the millions digit of 4019480?
4
What is the tens digit of 712741?
4
What is the units digit of 424834?
4
What is the ten thousands digit of 267692?
6
What is the ten thousands digit of 999413?
9
What is the ten millions digit of 39131108?
3
What is the ten thousands digit of 5035203?
3
What is the tens digit of 9783725?
2
What is the ten thousands digit of 64183?
6
What is the hundreds digit of 2306133?
1
What is the ten thousands digit of 364682?
6
What is the hundred thousands digit of 26473937?
4
What is the hundred thousands digit of 401435?
4
What is the hundreds digit of 4267790?
7
What is the ten thousands digit of 388956?
8
What is the hundreds digit of 99420?
4
What is the hundreds digit of 404852?
8
What is the thousands digit of 124730?
4
What is the millions digit of 4252284?
4
What is the ten thousands digit of 32017957?
1
What is the hundreds digit of 43377?
3
What is the thousands digit of 4603570?
3
What is the hundreds digit of 1764827?
8
What is the hundred thousands digit of 1910458?
9
What is the ten thousands digit of 1282829?
8
What is the thousands digit of 19070922?
0
What is the hundreds digit of 750566?
5
What is the hundreds digit of 418060?
0
What is the tens digit of 896302?
0
What is the ten thousands digit of 242683?
4
What is the hundreds digit of 97807?
8
What is the tens digit of 1076109?
0
What is the hundreds digit of 1960973?
9
What is the units digit of 13101986?
6
What is the hundreds digit of 17612?
6
What is the units digit of 2957297?
7
What is the tens digit of 432588?
8
What is the tens digit of 123059?
5
What is the hundred thousands digit of 631519?
6
What is the hundreds digit of 57085?
0
What is the ten thousands digit of 312408?
1
What is the units digit of 1196875?
5
What is the thousands digit of 10560589?
0
What is the hundreds digit of 10817496?
4
What is the ten thousands digit of 5327207?
2
What is the ten thousands digit of 1628556?
2
What is the tens digit of 121252?
5
What is the hundreds digit of 25729736?
7
What is the hundreds digit of 13220022?
0
What is the units digit of 10108097?
7
What is the hundreds digit of 989071?
0
What is the ten thousands digit of 7672039?
7
What is the hundred thousands digit of 802432?
8
What is the units digit of 5927952?
2
What is the ten thousands digit of 652616?
5
What is the hundreds digit of 3153687?
6
What is the ten thousands digit of 29365831?
6
What is the units digit of 17569379?
9
What is the ten millions digit of 31532041?
3
What is the tens digit of 7663916?
1
What is the ten thousands digit of 1281161?
8
What is the hundreds digit of 48033?
0
What is the hundred thousands digit of 991798?
9
What is the hundred thousands digit of 5209961?
2
What is the hundred thousands digit of 505519?
5
What is the hundred thousands digit of 337464?
3
What is the tens digit of 1133606?
0
What is the ten thousands digit of 9523739?
2
What is the thousands digit of 4159148?
9
What is the thousands digit of 65539?
5
What is the millions digit of 1770337?
1
What is the tens digit of 512634?
3
What is the tens digit of 818966?
6
What is the tens digit of 14852252?
5
What is the ten thousands digit of 5783765?
8
What is the ten thousands digit of 201457?
0
What is the tens digit of 406931?
3
What is the ten thousands digit of 1200820?
0
What is the ten thousands digit of 1059027?
5
What is the units digit of 92123?
3
What is the units digit of 71505?
5
What is the tens digit of 3973229?
2
What is the tens digit of 74630?
3
What is the tens digit of 279308?
0
What is the thousands digit of 898378?
8
What is the thousands digit of 554118?
4
What is the ten millions digit of 25477988?
2
What is the thousands digit of 1944143?
4
What is the units digit of 20276?
6
What is the ten thousands digit of 186887?
8
What is the tens digit of 597806?
0
What is the ten thousands digit of 3824048?
2
What is the tens digit of 45356?
5
What is the hundreds digit of 255381?
3
What is the thousands digit of 3339433?
9
What is the units digit of 58225?
5
What is the thousands digit of 3574199?
4
What is the ten thousands digit of 4528944?
2
What is the thousands digit of 2683479?
3
What is the units digit of 194489?
9
What is the ten thousands digit of 150132?
5
What is the tens digit of 91647?
4
What is the thousands digit of 3952484?
2
What is the hundreds digit of 722020?
0
What is the ten thousands digit of 223907?
2
What is the tens digit of 11577688?
8
What is the ten thousands digit of 28549?
2
What is the hundreds digit of 156335?
3
What is the hundreds digit of 113431?
4
What is the millions digit of 8422723?
8
What is the ten thousands digit of 228948?
2
What is the thousands digit of 213441?
3
What is the tens digit of 94179?
7
What is the hundreds digit of 325670?
6
What is the tens digit of 3603210?
1
What is the ten thousands digit of 323914?
2
What is the hundred thousands digit of 1452135?
4
What is the hundreds digit of 1452943?
9
What is the units digit of 38422005?
5
What is the hundreds digit of 366305?
3
What is the hundred thousands digit of 4985471?
9
What is the hundred thousands digit of 5280224?
2
What is the hundreds digit of 6047209?
2
What is the thousands digit of 2460577?
0
What is the tens digit of 41396?
9
What is the hundreds digit of 281237?
2
What is the millions digit of 4980983?
4
What is the ten millions digit of 24919227?
2
What is the ten thousands digit of 1259415?
5
What is the thousands digit of 427351?
7
What is the ten thousands digit of 1137150?
3
What is the hundreds digit of 632953?
9
What is the thousands digit of 2077011?
7
What is the tens digit of 2470600?
0
What is the tens digit of 752634?
3
What is the thousands digit of 3925569?
5
What is the tens digit of 3409240?
4
What is the units digit of 1041884?
4
What is the ten thousands digit of 179871?
7
What is the tens digit of 559636?
3
What is the millions digit of 9317800?
9
What is the hundred thousands digit of 258191?
2
What is the hundred thousands digit of 1374634?
3
What is the millions digit of 18196178?
8
What is the millions digit of 5740759?
5
What is the hundred thousands digit of 203079?
2
What is the hundreds digit of 373491?
4
What is the thousands digit of 295333?
5
What is the thousands digit of 